divide 5814540?
True
Is 899325 a multiple of 63?
True
Is 18 a factor of 408150?
True
Is 254 a factor of 700532?
True
Does 12 divide 1661976?
True
Is 173184 a multiple of 66?
True
Is 62 a factor of 112367?
False
Is 79152 a multiple of 16?
True
Is 1557815 a multiple of 329?
True
Is 21 a factor of 164055?
False
Is 365547 a multiple of 273?
True
Is 250 a factor of 442500?
True
Is 8794 even?
True
Is 230 a factor of 19557130?
True
Is 99 a factor of 936936?
True
Is 114 a factor of 802560?
True
Is 169505 a multiple of 45?
False
Is 8 a factor of 22563?
False
Is 44 a factor of 1572070?
False
Is 1844817 a multiple of 377?
False
Is 1383880 a multiple of 2?
True
Is 141 a factor of 4009010?
False
Is 433113 a multiple of 69?
True
Is 184 a factor of 9919624?
True
Is 33192 a multiple of 4?
True
Is 940 a factor of 8950038?
False
Is 96782 a multiple of 434?
True
Is 17 a factor of 2480589?
True
Is 475022 a multiple of 522?
False
Does 20 divide 66920?
True
Does 36 divide 247428?
True
Does 155 divide 106485?
True
Is 158535 a multiple of 117?
True
Does 11 divide 1405154?
False
Does 15 divide 1746255?
True
Is 63084 a multiple of 7?
True
Is 1987788 a multiple of 25?
False
Does 55 divide 414972?
False
Is 3752975 a multiple of 475?
True
Is 1612124 a multiple of 120?
False
Is 21038325 a multiple of 275?
True
Is 62 a factor of 11460452?
True
Is 233688 a multiple of 321?
True
Is 299 a factor of 689793?
True
Does 8 divide 8902101?
False
Is 47476 a multiple of 297?
False
Is 18 a factor of 358077?
False
Is 519375 a multiple of 25?
True
Does 416 divide 153524?
False
Is 19 a factor of 901398?
True
Does 586 divide 1356590?
True
Is 522399 a multiple of 6?
False
Does 208 divide 129173?
False
Is 684 a factor of 588924?
True
Is 15590 a multiple of 5?
True
Does 6 divide 109404?
True
Does 66 divide 1743918?
True
Does 29 divide 6029883?
True
Is 4272401 a multiple of 45?
False
Does 12 divide 7164?
True
Is 1370900 a multiple of 384?
False
Is 481040 a multiple of 80?
True
Is 129 a factor of 108747?
True
Is 303 a factor of 2265228?
True
Does 51 divide 531410?
False
Is 546 a factor of 610158?
False
Does 2 divide 97609?
False
Does 63 divide 2932213?
False
Is 88060 a multiple of 370?
True
Is 382 a factor of 2249980?
True
Does 53 divide 345348?
True
Is 78 a factor of 32349018?
True
Does 184 divide 979248?
True
Does 13 divide 7865061?
False
Does 41 divide 2514202?
True
Does 17 divide 7456965?
True
Does 151 divide 265537?
False
Is 395 a factor of 1838330?
True
Is 26 a factor of 1119055?
False
Does 85 divide 3921560?
True
Is 611065 a multiple of 221?
True
Is 5317701 a multiple of 65?
False
Is 5 a factor of 3952170?
True
Is 6669 a multiple of 117?
True
Does 544 divide 9317187?
False
Does 17 divide 436849?
True
Is 5120610 a multiple of 11?
True
Is 134 a factor of 376942?
True
Is 8718516 a multiple of 18?
True
Is 3002304 a multiple of 912?
True
Does 62 divide 251895?
False
Is 51 a factor of 760869?
True
Is 259180 a multiple of 85?
False
Is 135118 a multiple of 155?
False
Does 22 divide 7150?
True
Is 12 a factor of 12437634?
False
Does 367 divide 583228?
False
Is 125 a factor of 40875?
True
Is 14 a factor of 192313?
False
Does 326 divide 1522525?
False
Is 201 a factor of 371573?
False
Is 6453678 a multiple of 119?
False
Is 2946745 a multiple of 5?
True
Is 6990570 a multiple of 459?
True
Does 20 divide 4069?
False
Is 4251221 a multiple of 27?
False
Is 91468 a multiple of 4?
True
Is 2238034 a multiple of 18?
False
Does 133 divide 2721978?
True
Does 85 divide 240720?
True
Does 110 divide 3861660?
True
Is 5 a factor of 138580?
True
Is 21655534 a multiple of 62?
False
Does 15 divide 731250?
True
Is 14 a factor of 3303620?
False
Is 26 a factor of 112866?
True
Does 19 divide 2444977?
True
Is 114 a factor of 661672?
False
Is 42 a factor of 667254?
True
Is 122 a factor of 885311?
False
Does 11 divide 778129?
True
Is 46050 even?
True
Is 379830 a multiple of 22?
True
Does 66 divide 391120?
False
Is 4 a factor of 21272?
True
Is 141621 a multiple of 79?
False
Is 311 a factor of 4526406?
False
Does 228 divide 1354776?
True
Does 2 divide 315660?
True
Is 277550 a multiple of 70?
True
Is 17 a factor of 922998?
True
Does 57 divide 117669?
False
Is 14 a factor of 65520?
True
Does 314 divide 25073?
False
Does 195 divide 517725?
True
Is 473 a factor of 8981797?
True
Is 10 a factor of 38700?
True
Is 134 a factor of 162944?
True
Is 13 a factor of 731402?
False
Is 8511 a multiple of 4?
False
Does 17 divide 561969?
True
Does 11 divide 2388639?
True
Does 15 divide 2567596?
False
Is 5 a factor of 4585414?
False
Is 1455850 a multiple of 4?
False
Does 43 divide 38389?
False
Is 69 a factor of 200373?
False
Is 142823 a multiple of 174?
False
Does 413 divide 9086?
True
Is 203 a factor of 2136981?
True
Is 1442938 a multiple of 257?
False
Is 415 a factor of 689737?
False
Is 138073 a multiple of 103?
False
Is 110 a factor of 10669316?
False
Is 386151 a multiple of 63?
False
Does 148 divide 18500?
True
Is 2677269 a multiple of 21?
True
Does 15 divide 214965?
True
Does 33 divide 35244?
True
Is 33 a factor of 685146?
True
Does 13 divide 9120574?
False
Is 170520 a multiple of 40?
True
Is 4798759 a multiple of 7?
True
Does 18 divide 483936?
False
Is 13 a factor of 1135?
False
Is 21632 a multiple of 8?
True
Is 663 a factor of 700791?
True
Is 29 a factor of 127919?
True
Is 27470950 a multiple of 50?
True
Is 185 a factor of 1314489?
False
Does 4 divide 1161?
False
Is 7655616 a multiple of 64?
True
Is 4138251 a multiple of 489?
False
Does 95 divide 66405?
True
Is 75 a factor of 561483?
False
Is 6 a factor of 639906?
True
Is 124 a factor of 55552?
True
Is 44123 a multiple of 23?
False
Does 9 divide 86699?
False
Is 215 a factor of 6435826?
False
Is 62 a factor of 819415?
False
Does 21 divide 111331?
False
Does 67 divide 8260162?
True
Is 43056 a multiple of 234?
True
Is 103730 a multiple of 52?
False
Is 34 a factor of 7980492?
False
Does 25 divide 343550?
True
Is 225 a factor of 62287?
False
Is 48 a factor of 889285?
False
Is 48 a factor of 13528704?
True
Is 254981 a multiple of 107?
True
Is 323 a factor of 184433?
True
Is 262272 a multiple of 384?
True
Does 33 divide 2772726?
True
Is 227 a factor of 7461497?
False
Is 1967385 a multiple of 615?
True
Is 140254 a multiple of 268?
False
Is 489641 a multiple of 42?
False
Is 4 a factor of 15628?
True
Does 157 divide 1226484?
True
Is 7919856 a multiple of 74?
False
Is 2447104 a multiple of 64?
True
Does 336 divide 806400?
True
Does 14 divide 608040?
False
Is 42 a factor of 241248?
True
Does 546 divide 2242244?
False
Is 31529 a multiple of 8?
False
Is 119961 a multiple of 22?
False
Is 447 a factor of 145275?
True
Is 17 a factor of 63614?
True
Is 20 a factor of 119396?
False
Is 90843 a multiple of 107?
True
Does 1842 divide 6124650?
True
Does 244 divide 8296?
True
Is 2928024 a multiple of 33?
True
Does 92 divide 14134144?
True
Is 104 a factor of 507936?
True
Is 1350 a factor of 1155884?
False
Is 149 a factor of 401948?
False
Is 66 a factor of 92202?
True
Does 5 divide 195302?
False
Is 4 a factor of 36560?
True
Is 122752 a multiple of 112?
True
Is 706 a factor of 1896924?
False
Does 491 divide 858759?
True
Is 74150 a multiple of 25?
True
Is 121 a factor of 293297?
False
Is 266464 a multiple of 22?
True
Does 74 divide 191586?
True
Does 5 divide 316300?
True
Does 9 divide 833397?
False
Does 43 divide 9685191?
True
Does 9 divide 104121?
True
Is 77 a factor of 494879?
True
Is 5027258 a multiple of 12?
False
Is 736713 a multiple of 106?
False
Is 247 a factor of 155857?
True
Is 546 a factor of 462777?
False
Is 241638 a multiple of 34?
True
Is 138422 a multiple of 134?
True
Does 58 divide 116870?
True
Is 1015386 a multiple of 31?
False
Does 135 divide 1056623?
False
Is 20427 a multiple of 5?
False
Is 741658 a multiple of 687?
False
Is 683 a factor of 342153?
False
Does 4 divide 52441?
False
Is 193 a factor of 242601?
True
Is 2 a factor of 2009762?
True
Is 49 a factor of 409542?
True
Is 13713678 a multiple of 9?
True
Is 14 a factor of 66402?
True
Is 2916337 a multiple of 26?
False
Is 169872 even?
True
Is 165114 a multiple of 18?
True
Does 150 divide 114152?
False
Is 50 a factor of 1867500?
True
Is 343 a factor of 6105743?
True
Does 7 divide 9252653?
False
Does 15 divide 2592192?
False
Is 6 a factor of 94959?